/4)/(1/m).
21
What is the remainder when (-1)/(3/12) - 1*-106 is divided by 41 - 1 - (18 + -13)?
32
Suppose 0 = 91*c - 2877 - 1036. Calculate the remainder when c is divided by 14.
1
Let w(h) be the second derivative of h**5/20 - 5*h**4/12 + 7*h**3/6 - 4*h**2 - 4*h. What is the remainder when 7 is divided by w(4)?
3
Suppose 0 = 5*m - 2*x - 26, -17*m + 26 = -14*m + 4*x. Calculate the remainder when 64 is divided by m.
4
Let r = 70 + -67. Suppose 5 = 5*v, 2 = 2*h - v - r. What is the remainder when 7 is divided by h?
1
Let x(l) = -l**3 - l**2 - l + 7. Let g be x(0). Suppose -8*i + g*i = -22. Calculate the remainder when i is divided by 12.
10
Suppose q + 10 = -n - 5, 0 = -3*q + n - 37. Let v(g) = -2*g + 13. Calculate the remainder when v(q) is divided by 23.
16
Let a = 5 - 11. Let p(t) = t + 10. Let x be p(-11). What is the remainder when 11 is divided by (1 - a) + 0 + x?
5
Suppose 2*z = 3*r - 125, -4*z + 4 - 82 = -2*r. What is the remainder when 728 is divided by r?
40
Let b = 60 - 85. Let a(m) = 18*m**2 - 12*m + 1. Calculate the remainder when (-1)/(1*1/b) is divided by a(1).
4
Let c(q) = 17*q**3 - q + 2. What is the remainder when (48 - -1) + 3/(-3) is divided by c(1)?
12
Let b be 46 - (6 - -2)/4. Let y = b - 42. Calculate the remainder when 8 is divided by y.
0
Let o be ((-1)/2)/(2/(-16)). Suppose 0 = o*p + 3 - 19. Suppose 55*c = 62*c - 98. What is the remainder when c is divided by p?
2
Let k = -17 + 38. What is the remainder when (6/k)/((-8)/(-14))*30 is divided by 9?
6
Let a = 471 - 441. What is the remainder when a is divided by 18?
12
Suppose 69 = -5*r + 5*z + 79, -4*z + 22 = 2*r. Calculate the remainder when 518 is divided by r.
3
Suppose -4*b + 5*w + 2 = -86, -w + 88 = 4*b. Let j(s) = -s**3 - 16*s**2 + 20*s - 27. Calculate the remainder when j(-18) is divided by b.
19
Let g = -703 + 922. What is the remainder when g is divided by 60?
39
Let h be -1 + (1 - 1*-141). Suppose -h = i - 4*i. Calculate the remainder when i is divided by (-58)/(-377) - 616/(-52).
11
Let i(y) = -y**2 - 21*y - 18. Let u = -42 + 68. What is the remainder when i(-9) is divided by u?
12
Let h(y) = 7*y**2 - 5*y - 8. What is the remainder when h(-2) is divided by 16?
14
Calculate the remainder when 191 is divided by 128/(-3)*(-3)/2.
63
Let b(i) = i. Let r(g) = -8*g - 2. Let p(h) = 5*b(h) + r(h). Let q be p(-2). Suppose -10 + 98 = q*d. What is the remainder when d is divided by 12?
10
Suppose 399*l + 1606 = 410*l. What is the remainder when l is divided by 72?
2
Let t = 111 - 109. Calculate the remainder when 85 is divided by (t/(-2))/(2/(-44)).
19
Suppose 72*d - 59*d - 312 = 0. What is the remainder when 95 is divided by d?
23
Let i(s) = 12*s. Let v be i(15). Suppose -v = -9*t - t. What is the remainder when 86 is divided by t?
14
Let q(r) = -r**2 + 12*r + 14. Suppose 0 = 2*l - 68 - 98. Calculate the remainder when l is divided by q(0).
13
Suppose o - 4*s - 30 = 0, 0*s - s = 5. Let a(v) = v**3 + 22*v**2 - 52*v - 68. What is the remainder when a(-24) is divided by o?
8
Let c(f) = f**3 - f + 8. Let k(s) = 0*s - 9 - s + 3*s - s. Let i be k(9). Calculate the remainder when 30 is divided by c(i).
6
Let p = 12 + -14. Let c be ((32/4)/(-2))/p. Suppose 0 = -a + c*g + 21, 0 = a - 4*a - 2*g + 103. What is the remainder when a is divided by 11?
9
Calculate the remainder when (-25)/50*17/(-2)*16 is divided by 46.
22
Let f(c) = -3*c**3 - 2*c**2 + 3*c - 13. Calculate the remainder when 3913 is divided by f(-4).
133
Suppose 5*h = -2*g + 172, -6*h + 128 = -3*h - 5*g. Let r = h - 35. What is the remainder when 2 is divided by r?
0
Let f = -10 - -12. Suppose 5*n = 5*q - 3 - 7, 0 = -5*n + f*q + 2. Suppose 37 = 4*h + u, 2*h + n*h - u - 43 = 0. What is the remainder when 17 is divided by h?
7
Suppose 3*i - 60 - 405 = 0. Suppose 4*d - i - 89 = 0. Calculate the remainder when d is divided by 8.
5
Let c = 47 + -28. Suppose 0 = 2*b, -z = -b + 4*b - 27. Suppose 46 = l - z. What is the remainder when l is divided by c?
16
Let s(x) = -9*x + 313. Calculate the remainder when 63 is divided by s(32).
13
Let t(x) = x + 8. Let c = 31 + -26. Suppose -c*n + 1 = -24. Calculate the remainder when n is divided by t(-6).
1
Suppose 0 = -8*r + 159 + 225. Calculate the remainder when r is divided by 18.
12
Let h = 123 - 121. Suppose -g + h*g - 13 = 0. What is the remainder when 23 is divided by g?
10
Suppose 17*h = h + 464. Calculate the remainder when 260 is divided by h.
28
Let k = -2 + 4. Suppose 5*n - k*g - 19 = -g, 0 = n + g - 5. Suppose 2*m - n*q = -66 + 232, q = -1. What is the remainder when m is divided by 21?
18
Suppose -2 = -3*i - 107. What is the remainder when (6 - (-36)/(-5))/(3/i) is divided by 12?
2
Suppose -4*r - q + 197 = 0, -2*r + 32 = -5*q - 39. Suppose 0 = z + 3*z - r. Calculate the remainder when z is divided by 7.
5
Let n = -350 + 354. What is the remainder when 51 is divided by n?
3
Let c = -74 + 56. Let j = 13 - 9. Calculate the remainder when 368/36 - ((-58)/c - 3) is divided by j.
2
Let x be ((-11)/(275/(-60)))/(2/10). Suppose -p = -x + 1. What is the remainder when p is divided by 3?
2
Suppose -r - 3*r = 8. Let j = r + 5. Let x(l) = l**3 - 17*l**2 + 17*l - 4. Calculate the remainder when x(16) is divided by j.
0
What is the remainder when (1 + 0)*1 - -25 is divided by 10*7*(6 - 87/15)?
12
Suppose -29*v + 604 + 4007 = 0. Calculate the remainder when v is divided by 26.
3
Let q(x) = x**3 - 17*x - 102. What is the remainder when q(7) is divided by 27?
14
Let v(p) = -5*p + 57. Let b(k) = -4*k + 56. Let t(i) = 3*b(i) - 2*v(i). Let x(s) = 2*s**2 - s + 4. Calculate the remainder when t(0) is divided by x(3).
16
Suppose 9 = 2*f - 67. Suppose 0 = -f*d + 34*d + 252. Calculate the remainder when d is divided by 32.
31
Let i(u) = -u + 4. Let w be i(-8). Let m(y) = y**2 - 11*y - 10. Let k be m(w). Suppose -3*c = -172 - k. What is the remainder when c is divided by 30?
28
Suppose 48 = -3*m + 2*m. Let c = -32 - m. Calculate the remainder when 63 is divided by c.
15
Let z = 2 - 2. Suppose y + 2*b = 31, z = -5*y - b + 2*b + 122. Let v(n) = -3*n + 90. What is the remainder when y is divided by v(27)?
7
Suppose -162 - 13 = -25*x. Calculate the remainder when 44 is divided by x.
2
Let u(m) = -m**2 - m - 19. Let o be u(0). Let z = -41 - o. Let l = z + 37. Calculate the remainder when 59 is divided by l.
14
Let h = 67 - 43. Let l be (-128)/(0 + 2) - 132/(-33). Calculate the remainder when h is divided by ((-1)/(-3))/((-2)/l) + -3.
3
Suppose 0 = -3*j + 8*z - 4*z + 47, -j + 4*z + 13 = 0. What is the remainder when (-2)/5 - 1260/(-25) is divided by j?
16
Suppose 2*k - 4*k = -56. Suppose -4*g = -b - 6*g + 63, 0 = -5*b + g + 260. What is the remainder when b is divided by k?
25
Suppose -2*k + 4*s = k - 235, -16 = 4*s. What is the remainder when k is divided by 7?
3
Let x(d) = -4*d - 25. Suppose -19 - 6 = -5*f, 4*f = -4*h + 64. Calculate the remainder when x(-14) is divided by h.
9
Suppose -4*h + u - 3*u = -166, -4*u = -h + 37. Let f = 57 - h. Calculate the remainder when 47 is divided by f.
15
Suppose 32*c = 37*c - 25. Suppose 4*a - 23 = -c*d, 2*d - 3 = -a - 2*d. Calculate the remainder when (-1*(-17 - 2))/1 is divided by a.
5
Let i = 1949 + -1346. Calculate the remainder when i is divided by 11.
9
Suppose 5*a = 8*a - 6. Let p = 16 + a. Calculate the remainder when 88 is divided by p.
16
Calculate the remainder when 455 is divided by 10 + 4/((-12)/21) - -20.
18
Let m = -60 - -140. Calculate the remainder when m is divided by 18.
8
Let f be (-1)/(1/2) + 182. Let i = f + -106. Suppose 0 = 5*j + s + 63 - 191, 0 = j + s - 28. Calculate the remainder when i is divided by j.
24
Let h = -104 + 115. Suppose -8 = -6*i + 5*i. What is the remainder when h is divided by i?
3
Let a(b) = b**3 + 9*b**2 - 9*b + 13. Let p be a(-10). Let m be p/(-4) - 261/36. What is the remainder when 18 - m/(-12)*-6 is divided by 8?
6
Let a(w) = -10 + 2*w - 7*w - 13*w - 6 - w**2. Calculate the remainder when 1*63 - 0/(-1) is divided by a(-16).
15
Suppose 3*s - p - p - 61 = 0, -3*s + 64 = p. Let x = -117 + 196. Calculate the remainder when x is divided by s.
16
Suppose 5*c - 19 = -3*w, 0 = -2*c - 0*w - 3*w + 4. Suppose c*i + i = 54. What is the remainder when 15 is divided by i?
6
Suppose 0*b + 5*b - 100 = 0. Suppose -b = 4*p, 4*p = -